{"id":743,"date":"2021-06-17T17:03:00","date_gmt":"2021-06-17T17:03:00","guid":{"rendered":"http:\/\/benedictino.6gradosdigital.com\/?page_id=743"},"modified":"2026-04-23T11:52:17","modified_gmt":"2026-04-23T16:52:17","slug":"attention-to-diversity","status":"publish","type":"page","link":"https:\/\/colegiobenedictino.edu.co\/en\/atencion-a-la-diversidad\/","title":{"rendered":"Attention to Diversity"},"content":{"rendered":"<div class=\"wpb-content-wrapper\"><div class=\"vc_row wpb_row vc_row-fluid\"><div class=\"wpb_column vc_column_container vc_col-sm-12\"><div class=\"vc_column-inner\"><div class=\"wpb_wrapper\">\n\t<div class=\"wpb_text_column wpb_content_element\" >\n\t\t<div class=\"wpb_wrapper\">\n\t\t\t<p><b>Attention to Diversity<\/b><\/p>\n<p><span style=\"font-weight: 400;\">At Santa Maria Benedictine College, we believe there are many ways to learn, and from that understanding, we develop strategies that individually strengthen the educational process for students who require it. It is important to highlight that this is a collaborative effort between family and school.<\/span><\/p>\n<p>&nbsp;<\/p>\n<p><b>What specific actions did we generate?<\/b><\/p>\n<p>&nbsp;<\/p>\n<ul>\n<li style=\"font-weight: 400;\" aria-level=\"1\"><span style=\"font-weight: 400;\">We guide the curriculum flexibility process in accordance with Universal Design for Learning.<\/span><\/li>\n<li style=\"font-weight: 400;\" aria-level=\"1\"><span style=\"font-weight: 400;\">We support teachers in Individualized Reasonable Accommodation Plans (PIAR).<\/span><\/li>\n<li style=\"font-weight: 400;\" aria-level=\"1\"><span style=\"font-weight: 400;\">We advise parents or guardians on supporting the learning process of their children or wards.<\/span><\/li>\n<li style=\"font-weight: 400;\" aria-level=\"1\"><span style=\"font-weight: 400;\">We provide strategies to strengthen or enhance basic learning devices for students who need them; attention, sensory perception, language, memory, motivation, and habituation.<\/span><\/li>\n<\/ul>\n<p>&nbsp;<\/p>\n<p><span style=\"font-weight: 400;\">We are oriented toward inclusive education and educational attention to diversity.<\/span><\/p>\n\n\t\t<\/div>\n\t<\/div>\n<\/div><\/div><\/div><\/div>\n<\/div>","protected":false},"excerpt":{"rendered":"<p>Atenci\u00f3n a la diversidad En el Colegio Benedictino de Santa Mar\u00eda creemos que existen muchas formas de aprender y, desde ese reconocimiento, comprendemos y generamos estrategias que fortalezcan, de manera individual, el proceso de formaci\u00f3n de los estudiantes que as\u00ed lo requieran. Es importante resaltar que este es un trabajo mancomunado entre familia y colegio.&hellip;<\/p>","protected":false},"author":272175875,"featured_media":0,"parent":0,"menu_order":0,"comment_status":"closed","ping_status":"closed","template":"","meta":{"footnotes":"","big_sky_generated":false},"class_list":["post-743","page","type-page","status-publish","hentry","description-off"],"yoast_head":"<!-- This site is optimized with the Yoast SEO plugin v27.4 - https:\/\/yoast.com\/product\/yoast-seo-wordpress\/ -->\n<title>Atenci\u00f3n a la diversidad - Colegio Benedictino<\/title>\n<meta name=\"description\" content=\"Descubre nuestro programa de Atenci\u00f3n a la Diversidad. En el colegio brindamos apoyo pedag\u00f3gico especializado para una formaci\u00f3n inclusiva.\" \/>\n<meta name=\"robots\" content=\"index, follow, max-snippet:-1, max-image-preview:large, max-video-preview:-1\" \/>\n<link rel=\"canonical\" href=\"https:\/\/colegiobenedictino.edu.co\/en\/attention-to-diversity\/\" \/>\n<meta property=\"og:locale\" content=\"en_US\" \/>\n<meta property=\"og:type\" content=\"article\" \/>\n<meta property=\"og:title\" content=\"Atenci\u00f3n a la diversidad - Colegio Benedictino\" \/>\n<meta property=\"og:description\" content=\"Descubre nuestro programa de Atenci\u00f3n a la Diversidad. En el colegio brindamos apoyo pedag\u00f3gico especializado para una formaci\u00f3n inclusiva.\" \/>\n<meta property=\"og:url\" content=\"https:\/\/colegiobenedictino.edu.co\/en\/attention-to-diversity\/\" \/>\n<meta property=\"og:site_name\" content=\"Colegio Benedictino\" \/>\n<meta property=\"article:publisher\" content=\"https:\/\/www.facebook.com\/colegiobenedictino?tsid=0.28463760125801607&amp;source=result\" \/>\n<meta property=\"article:modified_time\" content=\"2026-04-23T16:52:17+00:00\" \/>\n<meta name=\"twitter:card\" content=\"summary_large_image\" \/>\n<meta name=\"twitter:label1\" content=\"Est. reading time\" \/>\n\t<meta name=\"twitter:data1\" content=\"1 minute\" \/>\n<script type=\"application\/ld+json\" class=\"yoast-schema-graph\">{\"@context\":\"https:\\\/\\\/schema.org\",\"@graph\":[{\"@type\":\"WebPage\",\"@id\":\"https:\\\/\\\/colegiobenedictino.edu.co\\\/atencion-a-la-diversidad\\\/\",\"url\":\"https:\\\/\\\/colegiobenedictino.edu.co\\\/atencion-a-la-diversidad\\\/\",\"name\":\"Atenci\u00f3n a la diversidad - Colegio Benedictino\",\"isPartOf\":{\"@id\":\"https:\\\/\\\/colegiobenedictino.edu.co\\\/#website\"},\"datePublished\":\"2021-06-17T17:03:00+00:00\",\"dateModified\":\"2026-04-23T16:52:17+00:00\",\"description\":\"Descubre nuestro programa de Atenci\u00f3n a la Diversidad. En el colegio brindamos apoyo pedag\u00f3gico especializado para una formaci\u00f3n inclusiva.\",\"breadcrumb\":{\"@id\":\"https:\\\/\\\/colegiobenedictino.edu.co\\\/atencion-a-la-diversidad\\\/#breadcrumb\"},\"inLanguage\":\"en-US\",\"potentialAction\":[{\"@type\":\"ReadAction\",\"target\":[\"https:\\\/\\\/colegiobenedictino.edu.co\\\/atencion-a-la-diversidad\\\/\"]}]},{\"@type\":\"BreadcrumbList\",\"@id\":\"https:\\\/\\\/colegiobenedictino.edu.co\\\/atencion-a-la-diversidad\\\/#breadcrumb\",\"itemListElement\":[{\"@type\":\"ListItem\",\"position\":1,\"name\":\"Portada\",\"item\":\"https:\\\/\\\/colegiobenedictino.edu.co\\\/\"},{\"@type\":\"ListItem\",\"position\":2,\"name\":\"Atenci\u00f3n a la diversidad\"}]},{\"@type\":\"WebSite\",\"@id\":\"https:\\\/\\\/colegiobenedictino.edu.co\\\/#website\",\"url\":\"https:\\\/\\\/colegiobenedictino.edu.co\\\/\",\"name\":\"Colegio Benedictino\",\"description\":\"Colegio Benedictino de Santa Mar\u00eda\",\"publisher\":{\"@id\":\"https:\\\/\\\/colegiobenedictino.edu.co\\\/#organization\"},\"potentialAction\":[{\"@type\":\"SearchAction\",\"target\":{\"@type\":\"EntryPoint\",\"urlTemplate\":\"https:\\\/\\\/colegiobenedictino.edu.co\\\/?s={search_term_string}\"},\"query-input\":{\"@type\":\"PropertyValueSpecification\",\"valueRequired\":true,\"valueName\":\"search_term_string\"}}],\"inLanguage\":\"en-US\"},{\"@type\":\"Organization\",\"@id\":\"https:\\\/\\\/colegiobenedictino.edu.co\\\/#organization\",\"name\":\"Colegio Benedictino\",\"url\":\"https:\\\/\\\/colegiobenedictino.edu.co\\\/\",\"logo\":{\"@type\":\"ImageObject\",\"inLanguage\":\"en-US\",\"@id\":\"https:\\\/\\\/colegiobenedictino.edu.co\\\/#\\\/schema\\\/logo\\\/image\\\/\",\"url\":\"https:\\\/\\\/colegiobenedictino.edu.co\\\/wp-content\\\/uploads\\\/2026\\\/03\\\/Mesa-de-trabajo-1.png\",\"contentUrl\":\"https:\\\/\\\/colegiobenedictino.edu.co\\\/wp-content\\\/uploads\\\/2026\\\/03\\\/Mesa-de-trabajo-1.png\",\"width\":851,\"height\":851,\"caption\":\"Colegio Benedictino\"},\"image\":{\"@id\":\"https:\\\/\\\/colegiobenedictino.edu.co\\\/#\\\/schema\\\/logo\\\/image\\\/\"},\"sameAs\":[\"https:\\\/\\\/www.facebook.com\\\/colegiobenedictino?tsid=0.28463760125801607&source=result\",\"https:\\\/\\\/www.instagram.com\\\/benedictinos\\\/\"]}]}<\/script>\n<!-- \/ Yoast SEO plugin. -->","yoast_head_json":{"title":"Diversity Support - Benedictine School","description":"Discover our Diversity Support Program. At our school, we provide specialized pedagogical support for inclusive education.","robots":{"index":"index","follow":"follow","max-snippet":"max-snippet:-1","max-image-preview":"max-image-preview:large","max-video-preview":"max-video-preview:-1"},"canonical":"https:\/\/colegiobenedictino.edu.co\/en\/attention-to-diversity\/","og_locale":"en_US","og_type":"article","og_title":"Atenci\u00f3n a la diversidad - Colegio Benedictino","og_description":"Descubre nuestro programa de Atenci\u00f3n a la Diversidad. En el colegio brindamos apoyo pedag\u00f3gico especializado para una formaci\u00f3n inclusiva.","og_url":"https:\/\/colegiobenedictino.edu.co\/en\/attention-to-diversity\/","og_site_name":"Colegio Benedictino","article_publisher":"https:\/\/www.facebook.com\/colegiobenedictino?tsid=0.28463760125801607&source=result","article_modified_time":"2026-04-23T16:52:17+00:00","twitter_card":"summary_large_image","twitter_misc":{"Est. reading time":"1 minute"},"schema":{"@context":"https:\/\/schema.org","@graph":[{"@type":"WebPage","@id":"https:\/\/colegiobenedictino.edu.co\/atencion-a-la-diversidad\/","url":"https:\/\/colegiobenedictino.edu.co\/atencion-a-la-diversidad\/","name":"Diversity Support - Benedictine School","isPartOf":{"@id":"https:\/\/colegiobenedictino.edu.co\/#website"},"datePublished":"2021-06-17T17:03:00+00:00","dateModified":"2026-04-23T16:52:17+00:00","description":"Discover our Diversity Support Program. At our school, we provide specialized pedagogical support for inclusive education.","breadcrumb":{"@id":"https:\/\/colegiobenedictino.edu.co\/atencion-a-la-diversidad\/#breadcrumb"},"inLanguage":"en-US","potentialAction":[{"@type":"ReadAction","target":["https:\/\/colegiobenedictino.edu.co\/atencion-a-la-diversidad\/"]}]},{"@type":"BreadcrumbList","@id":"https:\/\/colegiobenedictino.edu.co\/atencion-a-la-diversidad\/#breadcrumb","itemListElement":[{"@type":"ListItem","position":1,"name":"Portada","item":"https:\/\/colegiobenedictino.edu.co\/"},{"@type":"ListItem","position":2,"name":"Atenci\u00f3n a la diversidad"}]},{"@type":"WebSite","@id":"https:\/\/colegiobenedictino.edu.co\/#website","url":"https:\/\/colegiobenedictino.edu.co\/","name":"Benedictine School","description":"St Mary Benedictine School","publisher":{"@id":"https:\/\/colegiobenedictino.edu.co\/#organization"},"potentialAction":[{"@type":"SearchAction","target":{"@type":"EntryPoint","urlTemplate":"https:\/\/colegiobenedictino.edu.co\/?s={search_term_string}"},"query-input":{"@type":"PropertyValueSpecification","valueRequired":true,"valueName":"search_term_string"}}],"inLanguage":"en-US"},{"@type":"Organization","@id":"https:\/\/colegiobenedictino.edu.co\/#organization","name":"Benedictine School","url":"https:\/\/colegiobenedictino.edu.co\/","logo":{"@type":"ImageObject","inLanguage":"en-US","@id":"https:\/\/colegiobenedictino.edu.co\/#\/schema\/logo\/image\/","url":"https:\/\/colegiobenedictino.edu.co\/wp-content\/uploads\/2026\/03\/Mesa-de-trabajo-1.png","contentUrl":"https:\/\/colegiobenedictino.edu.co\/wp-content\/uploads\/2026\/03\/Mesa-de-trabajo-1.png","width":851,"height":851,"caption":"Colegio Benedictino"},"image":{"@id":"https:\/\/colegiobenedictino.edu.co\/#\/schema\/logo\/image\/"},"sameAs":["https:\/\/www.facebook.com\/colegiobenedictino?tsid=0.28463760125801607&source=result","https:\/\/www.instagram.com\/benedictinos\/"]}]}},"jetpack_likes_enabled":true,"jetpack_sharing_enabled":true,"jetpack_shortlink":"https:\/\/wp.me\/PgQAXK-bZ","jetpack-related-posts":[],"_links":{"self":[{"href":"https:\/\/colegiobenedictino.edu.co\/en\/wp-json\/wp\/v2\/pages\/743","targetHints":{"allow":["GET"]}}],"collection":[{"href":"https:\/\/colegiobenedictino.edu.co\/en\/wp-json\/wp\/v2\/pages"}],"about":[{"href":"https:\/\/colegiobenedictino.edu.co\/en\/wp-json\/wp\/v2\/types\/page"}],"author":[{"embeddable":true,"href":"https:\/\/colegiobenedictino.edu.co\/en\/wp-json\/wp\/v2\/users\/272175875"}],"replies":[{"embeddable":true,"href":"https:\/\/colegiobenedictino.edu.co\/en\/wp-json\/wp\/v2\/comments?post=743"}],"version-history":[{"count":3,"href":"https:\/\/colegiobenedictino.edu.co\/en\/wp-json\/wp\/v2\/pages\/743\/revisions"}],"predecessor-version":[{"id":8127,"href":"https:\/\/colegiobenedictino.edu.co\/en\/wp-json\/wp\/v2\/pages\/743\/revisions\/8127"}],"wp:attachment":[{"href":"https:\/\/colegiobenedictino.edu.co\/en\/wp-json\/wp\/v2\/media?parent=743"}],"curies":[{"name":"wp","href":"https:\/\/api.w.org\/{rel}","templated":true}]}}

<p>Atención a la diversidad En el Colegio Benedictino de Santa María creemos que existen muchas formas de aprender y, desde ese reconocimiento, comprendemos y generamos estrategias que fortalezcan, de manera individual, el proceso de formación de los estudiantes que así lo requieran. Es importante resaltar que este es un trabajo mancomunado entre familia y colegio.&hellip;</p>

<!-- This site is optimized with the Yoast SEO plugin v27.4 - https://yoast.com/product/yoast-seo-wordpress/ -->
<title>Atención a la diversidad - Colegio Benedictino</title>
<meta name="description" content="Descubre nuestro programa de Atención a la Diversidad. En el colegio brindamos apoyo pedagógico especializado para una formación inclusiva." />
<meta name="robots" content="index, follow, max-snippet:-1, max-image-preview:large, max-video-preview:-1" />
<link rel="canonical" href="https://colegiobenedictino.edu.co/en/attention-to-diversity/" />
<meta property="og:locale" content="en_US" />
<meta property="og:type" content="article" />
<meta property="og:title" content="Atención a la diversidad - Colegio Benedictino" />
<meta property="og:description" content="Descubre nuestro programa de Atención a la Diversidad. En el colegio brindamos apoyo pedagógico especializado para una formación inclusiva." />
<meta property="og:url" content="https://colegiobenedictino.edu.co/en/attention-to-diversity/" />
<meta property="og:site_name" content="Colegio Benedictino" />
<meta property="article:publisher" content="https://www.facebook.com/colegiobenedictino?tsid=0.28463760125801607&amp;source=result" />
<meta property="article:modified_time" content="2026-04-23T16:52:17+00:00" />
<meta name="twitter:card" content="summary_large_image" />
<meta name="twitter:label1" content="Est. reading time" />
	<meta name="twitter:data1" content="1 minute" />
<script type="application/ld+json" class="yoast-schema-graph">{"@context":"https:\/\/schema.org","@graph":[{"@type":"WebPage","@id":"https:\/\/colegiobenedictino.edu.co\/atencion-a-la-diversidad\/","url":"https:\/\/colegiobenedictino.edu.co\/atencion-a-la-diversidad\/","name":"Atención a la diversidad - Colegio Benedictino","isPartOf":{"@id":"https:\/\/colegiobenedictino.edu.co\/#website"},"datePublished":"2021-06-17T17:03:00+00:00","dateModified":"2026-04-23T16:52:17+00:00","description":"Descubre nuestro programa de Atención a la Diversidad. En el colegio brindamos apoyo pedagógico especializado para una formación inclusiva.","breadcrumb":{"@id":"https:\/\/colegiobenedictino.edu.co\/atencion-a-la-diversidad\/#breadcrumb"},"inLanguage":"en-US","potentialAction":[{"@type":"ReadAction","target":["https:\/\/colegiobenedictino.edu.co\/atencion-a-la-diversidad\/"]}]},{"@type":"BreadcrumbList","@id":"https:\/\/colegiobenedictino.edu.co\/atencion-a-la-diversidad\/#breadcrumb","itemListElement":[{"@type":"ListItem","position":1,"name":"Portada","item":"https:\/\/colegiobenedictino.edu.co\/"},{"@type":"ListItem","position":2,"name":"Atención a la diversidad"}]},{"@type":"WebSite","@id":"https:\/\/colegiobenedictino.edu.co\/#website","url":"https:\/\/colegiobenedictino.edu.co\/","name":"Colegio Benedictino","description":"Colegio Benedictino de Santa María","publisher":{"@id":"https:\/\/colegiobenedictino.edu.co\/#organization"},"potentialAction":[{"@type":"SearchAction","target":{"@type":"EntryPoint","urlTemplate":"https:\/\/colegiobenedictino.edu.co\/?s={search_term_string}"},"query-input":{"@type":"PropertyValueSpecification","valueRequired":true,"valueName":"search_term_string"}}],"inLanguage":"en-US"},{"@type":"Organization","@id":"https:\/\/colegiobenedictino.edu.co\/#organization","name":"Colegio Benedictino","url":"https:\/\/colegiobenedictino.edu.co\/","logo":{"@type":"ImageObject","inLanguage":"en-US","@id":"https:\/\/colegiobenedictino.edu.co\/#\/schema\/logo\/image\/","url":"https:\/\/colegiobenedictino.edu.co\/wp-content\/uploads\/2026\/03\/Mesa-de-trabajo-1.png","contentUrl":"https:\/\/colegiobenedictino.edu.co\/wp-content\/uploads\/2026\/03\/Mesa-de-trabajo-1.png","width":851,"height":851,"caption":"Colegio Benedictino"},"image":{"@id":"https:\/\/colegiobenedictino.edu.co\/#\/schema\/logo\/image\/"},"sameAs":["https:\/\/www.facebook.com\/colegiobenedictino?tsid=0.28463760125801607&source=result","https:\/\/www.instagram.com\/benedictinos\/"]}]}</script>
<!-- / Yoast SEO plugin. -->

Atención a la diversidad - Colegio Benedictino

Descubre nuestro programa de Atención a la Diversidad. En el colegio brindamos apoyo pedagógico especializado para una formación inclusiva.

Atención a la diversidad
